 15, what is -6d170ab - -2?
-6d170a9
In base 6, what is 13044412 + 1213?
13050025
In base 9, what is -3627 - 100105?
-103733
In base 12, what is -4 + 2159673?
215966b
In base 15, what is -21c + 18192?
17e75
In base 15, what is -46a6 - 17e?
-4835
In base 16, what is -1 - 1897f6c?
-1897f6d
In base 9, what is -7731724 - 5?
-7731730
In base 15, what is -47 - -163e?
15e7
In base 15, what is 1074 + -1ca?
d99
In base 14, what is -2 + -6148c8?
-6148ca
In base 6, what is 442 - 5300010?
-5255124
In base 15, what is -30 - 1d84b9?
-1d84e9
In base 3, what is -1222120212002 - 101110?
-1222121020112
In base 6, what is -5110 - -1200344?
1151234
In base 14, what is 25b + a606?
a863
In base 3, what is 1011 - 20201200101202?
-20201200100121
In base 2, what is -1111010110110011110 + 1101?
-1111010110110010001
In base 11, what is -27981a - 13a?
-279959
In base 9, what is 74 - -1574726?
1574811
In base 3, what is -12 - 112200001202102120?
-112200001202102202
In base 12, what is -5 - 10a455?
-10a45a
In base 16, what is 14a + 5eeb4?
5effe
In base 2, what is -111 - 101100001011001100100?
-101100001011001101011
In base 12, what is 2480586 - -31?
24805b7
In base 7, what is -13256320 + -11?
-13256331
In base 10, what is 389218 - -36?
389254
In base 9, what is -34765 + 3570?
-31185
In base 14, what is 1077 + -403?
a74
In base 5, what is -11403 - 1430?
-13333
In base 3, what is -1101110020102 + 11?
-1101110020021
In base 9, what is -1265 + 5331?
4055
In base 6, what is 5 - 34522451?
-34522442
In base 6, what is -43 + 151221055?
151221012
In base 11, what is 854779 - -166?
854934
In base 11, what is -22 - 8a6a44?
-8a6a66
In base 12, what is 195 - -259a3?
25b78
In base 13, what is -2 - 38a0a42?
-38a0a44
In base 11, what is -134a - -4986?
3637
In base 6, what is 3054204004 - 3?
3054204001
In base 9, what is -2277177 + -13?
-2277201
In base 14, what is 8 - 5d1824?
-5d181a
In base 14, what is -54593 + 107?
-5448a
In base 8, what is 13 + -3064007?
-3063774
In base 9, what is -264627 + -12?
-264640
In base 16, what is 11e1271 + -3?
11e126e
In base 9, what is 68 - 4401337?
-4401258
In base 14, what is 2756 - 10a6?
1690
In base 5, what is 32000423220 + -32?
32000423133
In base 8, what is 1443522 - 6?
1443514
In base 10, what is -22 - -326207?
326185
In base 4, what is -1100311001 + -100111?
-1101011112
In base 3, what is 120 - 111220212212222?
-111220212212102
In base 4, what is -11121023113322 + -2?
-11121023113330
In base 10, what is 318353 - -379?
318732
In base 7, what is -12060245 + -21?
-12060266
In base 4, what is -2001 - -233021132?
233013131
In base 8, what is -265070 - 15347?
-302437
In base 3, what is -112121201 - -101202011?
-10212120
In base 7, what is 206300 + 520?
210120
In base 14, what is -21 + -13c99?
-13cba
In base 3, what is -100 + 221020210022102?
221020210022002
In base 9, what is -353184 + 1566?
-351517
In base 6, what is 13315042 + -51?
13314551
In base 2, what is 1001000101100 + -11010010001?
101110011011
In base 4, what is -30 + -3023100002?
-3023100032
In base 4, what is 110030203310 + 10?
110030203320
In base 2, what is -111010100010100000100001 + -1?
-111010100010100000100010
In base 16, what is -9d - 160b?
-16a8
In base 6, what is -2 + 534212514?
534212512
In base 15, what is 367 + ba03?
bd6a
In base 12, what is -13b15323 - 4?
-13b15327
In base 14, what is -4d2 - 10961?
-11053
In base 6, what is 125124532402 - 3?
125124532355
In base 7, what is -305 - -66662034?
66661426
In base 6, what is -150 + -45445203?
-45445353
In base 4, what is 10330230 - 111303?
10212321
In base 5, what is 14032023 + -1?
14032022
In base 14, what is c8b - -48b90?
49a3b
In base 7, what is -104 + -356013?
-356120
In base 7, what is -443323205 - -12?
-443323163
In base 3, what is -1010121202010 - -20122?
-1010121111111
In base 6, what is -1 + 15013053143?
15013053142
In base 4, what is -2022102202 + 11?
-2022102131
In base 15, what is -71 + 21295?
21224
In base 2, what is -1010111000011011110111111 + -10?
-1010111000011011111000001
In base 9, what is 348 + -36841?
-36482
In base 4, what is 203222330 + 11110?
203300100
In base 13, what is -7455a87 + -1?
-7455a88
In base 14, what is 1 - 1ac36c?
-1ac36b
In base 7, what is -10322 - 10301?
-20623
In base 12, what is -a9700 - -77?
-a9645
In base 3, what is 101122 + -12211211221?
-12211110022
In base 14, what is 5 + -1635d3b?
-1635d36
In base 6, what is 143122135 + 212?
143122351
In base 10, what is -738224 + -5?
-738229
In base 3, what is 2220000022 - 1220?
2212221102
In base 13, what is -4 + -3b64334?
-3b64338
In base 6, what is 0 + -245543400?
-245543400
In base 4, what is -100133021 + 3112?
-100123303
In base 8, what is -30611 - -51327?
20516
In base 3, what is -120101021010 + 20121122?
-120010122111
In base 7, what is 140540201 - -62?
140540263
In base 11, what is -776086 + -a2?
-776178
In base 11, what is -14a159 + -458?
-14a606
In base 12, what is -2a6ba - 12b?
-2a829
In base 3, what is 2200111002 - -2202002?
2210020011
In base 4, what is 32101 - 1201213?
-1103112
In base 8, what is 2736452 - -217?
2736671
In base 12, what is 939a82 - -53?
939b15
In base 11, what is 322a6 + 90?
32386
In base 3, what is 2002020 - 1021112021112?
-1021110012022
In base 3, what is 1100221 - -11022020012?
11100121010
In base 2, what is -1111000000010110001110011 + 100?
-1111000000010110001101111
In base 7, what is -15 - -1124233630?
1124233612
In base 4, what is 323 + -200001213?
-200000230
In base 6, what is 3 + 3434500135?
3434500142
In base 10, what is 292158 + 137?
292295
In base 11, what is -3 + -65a869?
-65a871
In base 3, what is -1002 + -2020021002000?
-2020021010002
In base 9, what is -5255 - 613?
-5868
In base 16, what is 469150 + -77?
4690d9
In base 2, what is 1001001100011011111 - -1001?
1001001100011101000
In base 10, what is -7983 - -402?
-7581
In base 11, what is 290967 + -93?
290884
In base 10, what is -24304 - -33411?
9107
In base 2, what is 110110 + -10111001101110010?
-10111001100111100
In base 15, what is 4 + 1731706b?
17317070
In base 9, what is -16638 - 570?
-17318
In base 7, what is 215 - 225522?
-225304
In base 6, what is -1144402 + 20?
-1144342
In base 3, what is 0 - 2100111001001201?
-2100111001001201
In base 8, what is -256357 + -24324?
-302703
In base 9, what is 151 - -77136?
77287
In base 11, what is -5 - -4a79045?
4a79040
In base 9, what is -2247431 + 384?
-2247036
In base 9, what is 1111121 - -1?
1111122
In base 3, what is -1 - 200222120210?
-200222120211
In base 12, what is 1665181 + 4?
1665185
In base 15, what is -1 - -592a25?
592a24
In base 12, what is -297 + -263a?
-2915
In base 15, what is 261d - a8c?
1a81
In base 8, what is -201 + -3614317?
-3614520
In base 4, what is 33321221101 - 1333?
33321213102
In base 7, what is -426253154 - 3?
-426253160
In base 12, what is -170b5b - -115?
-170a46
In base 15, what is -650da2 + -b?
-650dad
In base 13, what is -4 - -85a77?
85a73
In base 3, what is -12022001021020 - 2?
-12022001021022
In base 11, what is 2131849 - -91?
213192a
In base 15, what is -2e + 1dd9ae?
1dd980
In base 15, what is 149 + 38163?
382ac
In base 10, what is 70 + 393458?
393528
In base 4, what is -101232320 + -330212?
-102223132
In base 3, what is 1210220 - -1212201100?
1221112020
In base 9, what is -7126560 - 5?
-7126565
In base 4, what is 1101233011 - 31121?
1101201230
In base 2, what is 10111101011 - -100000110010011100?
100001001010000111
In base 4, what is -23121 + 20203?
-2312
In base 13, what is 1234309a - 0?
1234309a
In base 11, what is 84926 - -14a2?
86318
In base 8, what is -1511434 + -34?
-1511470
In base 13, what is aa0 + 44bbc?
4598c
In base 15, what is 126e37 + -5?
126e32
In base 7, what is -4041130430 + 1?
-4041130426
In base 12, what is b70170b + 1?
b701710
In base 6, what is 11011 + 1440525?
1451540
In base 5, what is -303032 - -23420?
-224112
In base 16, what is 70 - 44e5ab?
-44e53b
In base 7, what is 14022 + -145245?
-131223
In base 8, what is -27 - 3176132?
-3176161
In base 11, what is 1261130 - -4a?
126117a
In base 14, what is 11022 + 34c?
11370
In base 9, what is -5 - -881862?
881856
In base 12, what is -41149 - 30?
-41179
In base 13, what is -10bc6 + 48?
-10b7b
In base 3, what is -2 + 1002102102220101?
1002102102220022
In base 15, what is -3c + -44be66?
-44bea3
In base 4, what is 3131